+ 22867. What is the greatest common factor of 7 and w?
7
Let b(m) = m**3 - 2*m**2 - 11*m + 13. Let h be b(4). Let n(l) = l**3 - 12*l**2 - 14*l + 20. Let p be n(13). What is the greatest common factor of h and p?
1
Let x(z) = z**3 - 8*z**2 - 5*z - 10. Let q be x(9). Suppose -q*b = -21*b - 30. Let d be 8/6 - 4/(-6). Calculate the greatest common divisor of b and d.
2
Suppose 143*u - 153*u + 390 = 0. Suppose y + 5*s - 83 = -0*s, -4*s = -3*y + 230. What is the highest common divisor of y and u?
39
Let l(f) = 5*f**2 + 3*f + 1. Let t be l(-5). Let o = 110 + 136. Let z = 283 - o. Calculate the greatest common divisor of z and t.
37
Let z be (-4)/6 - 587/(-3). Let j be ((4 - 1) + -4)*312. Let d be j/(-30)*-10*(-9)/12. What is the highest common divisor of d and z?
39
Let r(m) = 13*m**3 + 2*m**2 + 4*m - 9. Let a be r(3). Suppose 10*p + 2*p = a. Calculate the greatest common divisor of p and 1457.
31
Suppose -21*r + 5*c = -18*r - 44205, r - 14757 = -2*c. What is the greatest common divisor of 15 and r?
15
Suppose -2*i - a + 13 = 0, -i + 2*a - 2 = -1. Suppose i = -2*w + 11. Suppose 0 = -k + 4 - w. What is the greatest common divisor of k and 5?
1
Let p(i) = -54*i**3 - 3*i**2 + 64*i + 128. Let d be p(-2). What is the highest common factor of 644 and d?
28
Suppose 21*n = 20*n + 154. Suppose 10*g - 34 - 106 = 0. What is the greatest common divisor of n and g?
14
Suppose -6663 = -40*l + 4857. Suppose -4*a = 2*j - l, 3*a - 26*j + 25*j - 216 = 0. What is the greatest common divisor of a and 360?
72
Suppose -98*c + 335618 = 76*c + 3452. Calculate the greatest common factor of c and 69.
23
Suppose -7*t + 0*t = -28*t + 273. Calculate the greatest common divisor of t and 20423.
13
Suppose 34*b + 19*b - 3021 = 0. Let j = 14 - -13. Let z = b - j. What is the greatest common factor of z and 10?
10
Suppose d - 112 = -5*h, -16*h + 146 = 2*d - 19*h. Calculate the highest common factor of 11398 and d.
82
Suppose 0*h - 97 = -c + h, 0 = -c + 3*h + 107. Suppose s + 113 - 190 = y, 2*y = -5*s + 329. What is the greatest common divisor of s and c?
23
Let a be 57 + (-14)/(-14) - 4. Let h = 116 + -31. Suppose 0 = z + y - h + 1, z + 4*y = 93. What is the highest common factor of z and a?
27
Let h be -2 + 11 + 16/8. Suppose 0 = -7*q + h*q - 5*z - 192, 5*z + 48 = q. Let f be 1 + (-14*1)/(-2). What is the highest common divisor of f and q?
8
Let g be (182/(-39))/((-4)/18). Let w be g - 3*(-12)/(-18). Calculate the greatest common factor of w and 133.
19
Suppose s - 2*v = 9876, 98*s - 99*s + 9906 = 3*v. Calculate the greatest common divisor of 24 and s.
24
Suppose 0 = 4*c + r - 2273, 5*c - 2271 = c + r. Let g be (-3 - 0)*((-532)/42 + 10). What is the highest common divisor of c and g?
8
Let k(s) = 1882*s - 2209. Let n be k(5). What is the highest common divisor of 57 and n?
19
Let t = 557 + -367. Let b be (-1 - 0 - -6)/(1514/3028). What is the greatest common divisor of b and t?
10
Let r be 2 - -2 - (-9 + 4 + 9). Suppose -4*g = -3*u + 284, r*g = 2*u + g - 204. Suppose 0 = 5*f + u - 295. What is the greatest common divisor of 13 and f?
13
Suppose 5*q - 5*k - 115 = 0, 2*q - q = -5*k - 7. Let n(z) = z**2 - 10*z + 14. Let c be n(7). Let t = 16 + c. What is the highest common factor of t and q?
9
Suppose -13*x + 2*x = 462. Let c be (-96)/14*1*x/4. Calculate the highest common factor of 192 and c.
24
Suppose 4*w = w + 75. Suppose -5*k - 8 = 2*t + 32, 4*t + 24 = -3*k. Let v be (-1)/(2/(-449)) + (-4)/k. Calculate the highest common factor of w and v.
25
Let p(f) = 2*f + 6. Let a = 5 - 10. Let s(z) = z. Let v(j) = a*s(j) + p(j). Let c be v(-3). What is the greatest common factor of c and 135?
15
Let t = -97 - -98. Let d be (-36)/(-4) + t + 2 + 0. Suppose 45 - d = 3*v. What is the highest common factor of 22 and v?
11
Let g(f) = -3*f - 4. Let i be g(-3). Let l = -139 + 141. Suppose -70 = -l*r - p, 7*r - 11*r + 140 = -3*p. Calculate the greatest common factor of r and i.
5
Suppose 4*j + 2*d = 74, 2*j + 7*d = 3*d + 22. Suppose 0 = -3*t + 67 + 56. Suppose z - 1 = t. Calculate the greatest common divisor of j and z.
21
Let h(a) = -33*a + 131. Let d be h(4). Let n(f) = 9*f + 11. Let j be n(d). What is the highest common factor of j and 178?
2
Let m = 129 - 129. Suppose m*l = -b - l + 25, 3*b - 35 = 5*l. Suppose v + b = 6*v. Calculate the greatest common divisor of 10 and v.
2
Let s = 2668 - 1075. What is the highest common divisor of 885 and s?
177
Let z(s) = 179*s**2 - 30*s - 41. Let u be z(-2). What is the greatest common factor of u and 45?
15
Suppose -28*i + 33*i - 10 = 0. Suppose -3*s + 13 = 2*h, i*h + 3*h = 3*s - 20. Suppose -q + s + 3 = 0. Calculate the greatest common factor of 88 and q.
8
Suppose -r = 7*r - 32. Suppose -2*i - 598 = -2*m, -3*m = r*i - 679 - 190. Calculate the highest common factor of m and 118.
59
Let d = -13136 - -13148. Let h(p) be the third derivative of -5*p**4/24 + p**3/3 - 2*p**2. Let t be h(-8). What is the greatest common divisor of t and d?
6
Suppose 5*t - 232 = -p, -192*p = -5*t - 190*p + 226. What is the greatest common factor of t and 2737?
23
Let k be ((-6)/9)/(((-4)/(-3))/2). Let w(r) = -7*r + 31. Let x be w(5). Let i be (x - 7 - 3)/(k/2). Calculate the highest common divisor of 14 and i.
14
Let r = 443 + -184. Let q = r - 202. Calculate the greatest common factor of 114 and q.
57
Suppose 6*c - 885 = 465. Let a = c - 223. What is the highest common divisor of a and 64?
2
Let r be 0/((-1)/(1/3) - -1). Suppose 3*g + 46 = -r*g - 4*p, -g - 26 = 4*p. Let o be (6/((-12)/g))/(1/4). Calculate the greatest common factor of o and 20.
20
Let x(b) = -b. Let o(m) = 15*m + 12. Let u(t) = o(t) + 6*x(t). Let w be u(-5). Let j = w + 38. What is the greatest common divisor of j and 55?
5
Suppose -5*k = -103*h + 106*h - 99, -3*k = h - 61. Suppose 4*p + 0*p - 252 = 0. Calculate the greatest common factor of k and p.
21
Suppose 0 = -4*k + 3*s - 6*s + 1465, k - 358 = 2*s. Suppose -11*q = -63*q + k. Calculate the highest common factor of 28 and q.
7
Let l(r) = 99*r**3 - 8*r**2 + 9*r + 4. Let z be l(2). Calculate the highest common factor of 374 and z.
34
Let q = 1618 - 1610. What is the highest common factor of q and 2512?
8
Let z = -2052 + 2416. Let m = -26 + 14. Let q be (m/9 + 0)*-39. Calculate the highest common divisor of z and q.
52
Suppose 3*w = -3*o + 4*o - 11, 5*o = -4*w - 2. Suppose -3*k + 2*y - 12 = y, o*k = -5*y - 8. Let m = k - -10. What is the highest common divisor of m and 48?
6
Let r = 79 - 39. Suppose -r - 16 = -8*h. Let x be 4/(h/((-644)/(-8)) - 0). Calculate the highest common factor of 92 and x.
46
Let i be (-32)/(-56) - (-606)/(-7). Let q = i + 88. Let h be (20/3)/(q/54*6). What is the highest common divisor of h and 10?
10
Suppose 45*a - 48*a - 31044 = -55*a. Calculate the greatest common divisor of 21 and a.
3
Let t(s) = 2*s**3 - 5*s + 3. Let d(c) = -c**3 - 8*c**2 + 3. Let h be d(-8). Let i be t(h). Calculate the greatest common divisor of 56 and i.
14
Let z(k) = -k**2 + 16. Let w be z(-4). Let s be (-4 - w)*(-7 - 6). Calculate the greatest common factor of s and 130.
26
Let u = -5491 - -5569. What is the highest common divisor of u and 294?
6
Let y be (-54)/(-8) - 3/4. Suppose -3*g = -y*g + 192. Suppose -6*l - 21 = -69. What is the greatest common factor of g and l?
8
Let s = 4850 - 3370. Calculate the greatest common factor of 80 and s.
40
Let c(o) = 5*o**2 + 318*o + 630. Let s be c(-2). What is the highest common divisor of s and 4109?
7
Suppose -3*w - 2*w = -185. Let l(p) = -98*p**2 + 946*p - 38. Let i be l(8). Calculate the highest common divisor of i and w.
37
Suppose 390*y - 400*y = 10. Let d(c) = -c**2 + 2*c - 4. Let s be d(3). Let n be y + 6/(-3) - s. Calculate the greatest common factor of n and 24.
4
Let u(b) = -119*b - 4159. Let s be u(-60). Calculate the highest common factor of s and 44.
11
Let n(j) = j**3 + 44*j**2 - 724*j + 977. Let l be n(-57). Let t(f) = -33*f - 4. Let q be t(-4). Calculate the highest common divisor of l and q.
8
Suppose o + 4*f - 1538 = -2*o, 1528 = 3*o - f. Calculate the greatest common divisor of o and 68.
34
Let f be (3/(-4))/((-4)/752*1). Calculate the greatest common divisor of 9447 and f.
141
Let y = -8686 + 8778. Let h be 8/2*345/12. Calculate the greatest common divisor of h and y.
23
Suppose 3*k + 14 = 29. S